{"id":131,"date":"2019-12-06T08:07:05","date_gmt":"2019-12-06T08:07:05","guid":{"rendered":"https:\/\/\u00f5pitoad.ee\/?page_id=131"},"modified":"2024-12-02T14:44:39","modified_gmt":"2024-12-02T14:44:39","slug":"kinkekaardiga-registreerujate-kalender","status":"publish","type":"page","link":"https:\/\/\u00f5pitoad.ee\/?page_id=131","title":{"rendered":"Kinkekaardiga registreerujatele"},"content":{"rendered":"\n\t<h2>Kinkekaardiga registreerujatele:<\/h2>\n<p>Oled m\u00f5ne teenusepakkuja kinkekaardi omanik. Registreerumiseks saada oma soov ja voucheri kood s\u00f5numiga tel 5143385.<\/p>\n<p>Teatame sulle j\u00e4rgmise tr\u00fchvlite \u00f5pitoa toimumise aja.<\/p>\n<p>\u00d5pituppa tulles v\u00f5ita kaasa oma voucher.<\/p>\n<p>Meie ruum asub Juhkentali tn 11, Tallinn.<\/p>\n<p>Kui saabud autoga, siis saad auto parkida Kalevi Spordihalli parklasse, mis asup meie maja vastas. Parkimisala Kesklinn, p\u00fchap\u00e4eval alates 15.00 on parkimine tasuta.<\/p>\n<p>Meie ruum asub Juhkentali 11, Hoone 1A sildi juures, hall rauduks.<\/p>\n\t<iframe src=\"https:\/\/www.google.com\/maps\/embed\/v1\/place?q=Juhkentali+tn+11%2C+&#038;key=AIzaSyD09zQ9PNDNNy9TadMuzRV_UsPUoWKntt8\" aria-hidden=\"true\" title=\"Liivametsa maja\"><\/iframe>\n\t\t\t\t<img loading=\"lazy\" decoding=\"async\" src=\"https:\/\/\u00f5pitoad.ee\/wp-content\/uploads\/2023\/09\/IMG_3329-scaled.jpeg\" alt=\"IMG_3329\" itemprop=\"image\" height=\"1920\" width=\"2560\" title=\"IMG_3329\" onerror=\"this.style.display='none'\"  \/>\n\t\t\t\t<img loading=\"lazy\" decoding=\"async\" src=\"https:\/\/\u00f5pitoad.ee\/wp-content\/uploads\/2023\/09\/IMG_3327-scaled.jpeg\" alt=\"IMG_3327\" itemprop=\"image\" height=\"1920\" width=\"2560\" title=\"IMG_3327\" onerror=\"this.style.display='none'\"  \/>\n","protected":false},"excerpt":{"rendered":"<p>Kinkekaardiga registreerujatele: Oled m\u00f5ne teenusepakkuja kinkekaardi omanik. Registreerumiseks saada oma soov ja voucheri kood s\u00f5numiga tel 5143385. Teatame sulle j\u00e4rgmise tr\u00fchvlite \u00f5pitoa toimumise aja. \u00d5pituppa tulles v\u00f5ita kaasa oma voucher. Meie ruum asub Juhkentali tn 11, Tallinn. Kui saabud autoga, siis saad auto parkida Kalevi Spordihalli parklasse, mis asup meie maja vastas. Parkimisala Kesklinn, p\u00fchap\u00e4eval&hellip;<\/p>\n","protected":false},"author":1,"featured_media":0,"parent":0,"menu_order":0,"comment_status":"closed","ping_status":"closed","template":"","meta":{"footnotes":""},"class_list":["post-131","page","type-page","status-publish","hentry"],"_links":{"self":[{"href":"https:\/\/\u00f5pitoad.ee\/index.php?rest_route=\/wp\/v2\/pages\/131","targetHints":{"allow":["GET"]}}],"collection":[{"href":"https:\/\/\u00f5pitoad.ee\/index.php?rest_route=\/wp\/v2\/pages"}],"about":[{"href":"https:\/\/\u00f5pitoad.ee\/index.php?rest_route=\/wp\/v2\/types\/page"}],"author":[{"embeddable":true,"href":"https:\/\/\u00f5pitoad.ee\/index.php?rest_route=\/wp\/v2\/users\/1"}],"replies":[{"embeddable":true,"href":"https:\/\/\u00f5pitoad.ee\/index.php?rest_route=%2Fwp%2Fv2%2Fcomments&post=131"}],"version-history":[{"count":10,"href":"https:\/\/\u00f5pitoad.ee\/index.php?rest_route=\/wp\/v2\/pages\/131\/revisions"}],"predecessor-version":[{"id":459,"href":"https:\/\/\u00f5pitoad.ee\/index.php?rest_route=\/wp\/v2\/pages\/131\/revisions\/459"}],"wp:attachment":[{"href":"https:\/\/\u00f5pitoad.ee\/index.php?rest_route=%2Fwp%2Fv2%2Fmedia&parent=131"}],"curies":[{"name":"wp","href":"https:\/\/api.w.org\/{rel}","templated":true}]}}