{"id":236,"date":"2020-07-03T13:47:42","date_gmt":"2020-07-03T13:47:42","guid":{"rendered":"https:\/\/\u00f5pitoad.ee\/?page_id=236"},"modified":"2020-07-03T13:55:05","modified_gmt":"2020-07-03T13:55:05","slug":"236-2","status":"publish","type":"page","link":"https:\/\/\u00f5pitoad.ee\/?page_id=236","title":{"rendered":"Laste pidu"},"content":{"rendered":"\n\t<h2>Laste \u015bokolaadipidu<\/h2>\n\t<h4>Kellele ei maitseks \u015bokolaad &#8211; eriti lastele valmistab tr\u00fchvlite valmistamine suurt r\u00f5\u00f5mu ja pealegi v\u00f5ib kommi s\u00fc\u00fca nii palju kui jaksad.<\/h4>\n<h4>Tr\u00fchvlite \u00f5pituba lastele alates 8 osalejaga gruppidele, lepi kokku aeg ja kas soovid seda meie ruumes v\u00f5i enda kodus.<\/h4>\n<h4>Sobib eriti h\u00e4sti t\u00fctarlaste s\u00fcnnip\u00e4evade t\u00e4histamiseks aga ka k\u00f5ik poisid saavad hakkama.<\/h4>\n<h4>V\u00f5ta \u00fchendust all oleva nupu kaudu ja kirjuta meile, millal ja millist \u00fcritust soovid.<\/h4>\n\t\t\t<a href=\"https:\/\/xn--pitoad-oxa.ee\/?page_id=191&#038;fl\" target=\"_self\" role=\"button\" rel=\"noopener noreferrer\">\n\t\t\t\t\t\t\tSee \u00f5pituba sobib mulle\n\t\t\t\t\t<\/a>\n","protected":false},"excerpt":{"rendered":"<p>Laste \u015bokolaadipidu Kellele ei maitseks \u015bokolaad &#8211; eriti lastele valmistab tr\u00fchvlite valmistamine suurt r\u00f5\u00f5mu ja pealegi v\u00f5ib kommi s\u00fc\u00fca nii palju kui jaksad. Tr\u00fchvlite \u00f5pituba lastele alates 8 osalejaga gruppidele, lepi kokku aeg ja kas soovid seda meie ruumes v\u00f5i enda kodus. Sobib eriti h\u00e4sti t\u00fctarlaste s\u00fcnnip\u00e4evade t\u00e4histamiseks aga ka k\u00f5ik poisid saavad hakkama. V\u00f5ta&hellip;<\/p>\n","protected":false},"author":1,"featured_media":0,"parent":0,"menu_order":0,"comment_status":"closed","ping_status":"closed","template":"","meta":{"footnotes":""},"class_list":["post-236","page","type-page","status-publish","hentry"],"_links":{"self":[{"href":"https:\/\/\u00f5pitoad.ee\/index.php?rest_route=\/wp\/v2\/pages\/236","targetHints":{"allow":["GET"]}}],"collection":[{"href":"https:\/\/\u00f5pitoad.ee\/index.php?rest_route=\/wp\/v2\/pages"}],"about":[{"href":"https:\/\/\u00f5pitoad.ee\/index.php?rest_route=\/wp\/v2\/types\/page"}],"author":[{"embeddable":true,"href":"https:\/\/\u00f5pitoad.ee\/index.php?rest_route=\/wp\/v2\/users\/1"}],"replies":[{"embeddable":true,"href":"https:\/\/\u00f5pitoad.ee\/index.php?rest_route=%2Fwp%2Fv2%2Fcomments&post=236"}],"version-history":[{"count":4,"href":"https:\/\/\u00f5pitoad.ee\/index.php?rest_route=\/wp\/v2\/pages\/236\/revisions"}],"predecessor-version":[{"id":283,"href":"https:\/\/\u00f5pitoad.ee\/index.php?rest_route=\/wp\/v2\/pages\/236\/revisions\/283"}],"wp:attachment":[{"href":"https:\/\/\u00f5pitoad.ee\/index.php?rest_route=%2Fwp%2Fv2%2Fmedia&parent=236"}],"curies":[{"name":"wp","href":"https:\/\/api.w.org\/{rel}","templated":true}]}}