{"id":89,"date":"2019-10-31T21:38:26","date_gmt":"2019-10-31T19:38:26","guid":{"rendered":"https:\/\/koduleht.pro\/tryhvliteopitoad\/?page_id=89"},"modified":"2025-01-17T20:14:41","modified_gmt":"2025-01-17T20:14:41","slug":"valentinipaeva-truhvlite-opituba","status":"publish","type":"page","link":"https:\/\/\u00f5pitoad.ee\/?page_id=89","title":{"rendered":"Valentinip\u00e4eva Tr\u00fchvlite \u00f5pituba"},"content":{"rendered":"\n\t\t\t\t<img loading=\"lazy\" decoding=\"async\" src=\"https:\/\/\u00f5pitoad.ee\/wp-content\/uploads\/2025\/01\/s\u00fcdamekarp1-scaled.jpg\" alt=\"s\u00fcdamekarp1\" itemprop=\"image\" height=\"2560\" width=\"2539\" title=\"s\u00fcdamekarp1\" onerror=\"this.style.display='none'\"  \/>\n\t<h3>Oo mu Valentin!<\/h3>\n<p>Magusad ja h\u00f5rgud tr\u00fchvlid on alati ergutanud t\u00f5eliste gurmaanide maitsemeeli.\u00a0 Eriliselt\u00a0 popularne on \u015bokolaaditr\u00fchvlite valmistamise \u00f5pituba Valentinip\u00e4evaks, kus suus sulvad tr\u00fchvlid saab kingituseks sinu armas Valentin v\u00f5i Valentina!<\/p>\n\t\t\t<a href=\"https:\/\/xn--pitoad-oxa.ee\/?page_id=191&#038;fl\" target=\"_self\" role=\"button\" rel=\"noopener noreferrer\">\n\t\t\t\t\t\t\tSee \u00f5pituba sobib mulle\n\t\t\t\t\t<\/a>\n","protected":false},"excerpt":{"rendered":"<p>Oo mu Valentin! Magusad ja h\u00f5rgud tr\u00fchvlid on alati ergutanud t\u00f5eliste gurmaanide maitsemeeli.\u00a0 Eriliselt\u00a0 popularne on \u015bokolaaditr\u00fchvlite valmistamise \u00f5pituba Valentinip\u00e4evaks, kus suus sulvad tr\u00fchvlid saab kingituseks sinu armas Valentin v\u00f5i Valentina! See \u00f5pituba sobib mulle<\/p>\n","protected":false},"author":1,"featured_media":0,"parent":0,"menu_order":0,"comment_status":"closed","ping_status":"closed","template":"","meta":{"footnotes":""},"class_list":["post-89","page","type-page","status-publish","hentry"],"_links":{"self":[{"href":"https:\/\/\u00f5pitoad.ee\/index.php?rest_route=\/wp\/v2\/pages\/89","targetHints":{"allow":["GET"]}}],"collection":[{"href":"https:\/\/\u00f5pitoad.ee\/index.php?rest_route=\/wp\/v2\/pages"}],"about":[{"href":"https:\/\/\u00f5pitoad.ee\/index.php?rest_route=\/wp\/v2\/types\/page"}],"author":[{"embeddable":true,"href":"https:\/\/\u00f5pitoad.ee\/index.php?rest_route=\/wp\/v2\/users\/1"}],"replies":[{"embeddable":true,"href":"https:\/\/\u00f5pitoad.ee\/index.php?rest_route=%2Fwp%2Fv2%2Fcomments&post=89"}],"version-history":[{"count":5,"href":"https:\/\/\u00f5pitoad.ee\/index.php?rest_route=\/wp\/v2\/pages\/89\/revisions"}],"predecessor-version":[{"id":472,"href":"https:\/\/\u00f5pitoad.ee\/index.php?rest_route=\/wp\/v2\/pages\/89\/revisions\/472"}],"wp:attachment":[{"href":"https:\/\/\u00f5pitoad.ee\/index.php?rest_route=%2Fwp%2Fv2%2Fmedia&parent=89"}],"curies":[{"name":"wp","href":"https:\/\/api.w.org\/{rel}","templated":true}]}}